{"id":184,"date":"2015-03-05T19:28:45","date_gmt":"2015-03-05T18:28:45","guid":{"rendered":"http:\/\/www.residenz-kobbnuest.de\/?page_id=184"},"modified":"2015-05-14T13:54:57","modified_gmt":"2015-05-14T11:54:57","slug":"wir-2","status":"publish","type":"page","link":"https:\/\/www.residenz-kobbnuest.de\/?page_id=184","title":{"rendered":"wir"},"content":{"rendered":"<p>Ihre Eigent\u00fcmerfamilie Schultz<\/p>\n<p><a href=\"https:\/\/www.residenz-kobbnuest.de\/wp-content\/uploads\/2015\/03\/famschu.jpg\"><img loading=\"lazy\" decoding=\"async\" class=\"alignnone size-medium wp-image-172\" src=\"https:\/\/www.residenz-kobbnuest.de\/wp-content\/uploads\/2015\/03\/famschu-300x229.jpg\" alt=\"famschu\" width=\"300\" height=\"229\" srcset=\"https:\/\/www.residenz-kobbnuest.de\/wp-content\/uploads\/2015\/03\/famschu-300x229.jpg 300w, https:\/\/www.residenz-kobbnuest.de\/wp-content\/uploads\/2015\/03\/famschu.jpg 800w\" sizes=\"auto, (max-width: 300px) 100vw, 300px\" \/><\/a><\/p>\n<p>Wir freuen uns, Sie als unsere G\u00e4ste begr\u00fc\u00dfen zu d\u00fcrfen!<\/p>\n<p>&nbsp;<\/p>\n<p>Kontakt:<\/p>\n<p>Tel. +49 381 7007161<\/p>\n<a href=\"mailto:rps@residenz-kobbnuest.de\" class=\"button style1 blue_light small\"> Email <\/a>\n<p>&nbsp;<\/p>\n","protected":false},"excerpt":{"rendered":"<p>Ihre Eigent\u00fcmerfamilie Schultz Wir freuen uns, Sie als unsere G\u00e4ste begr\u00fc\u00dfen zu d\u00fcrfen! &nbsp; Kontakt: Tel. +49 381 7007161 &nbsp;<\/p>\n","protected":false},"author":1,"featured_media":0,"parent":0,"menu_order":0,"comment_status":"open","ping_status":"open","template":"","meta":{"ngg_post_thumbnail":0,"footnotes":""},"categories":[],"tags":[],"class_list":["post-184","page","type-page","status-publish","hentry"],"_links":{"self":[{"href":"https:\/\/www.residenz-kobbnuest.de\/index.php?rest_route=\/wp\/v2\/pages\/184","targetHints":{"allow":["GET"]}}],"collection":[{"href":"https:\/\/www.residenz-kobbnuest.de\/index.php?rest_route=\/wp\/v2\/pages"}],"about":[{"href":"https:\/\/www.residenz-kobbnuest.de\/index.php?rest_route=\/wp\/v2\/types\/page"}],"author":[{"embeddable":true,"href":"https:\/\/www.residenz-kobbnuest.de\/index.php?rest_route=\/wp\/v2\/users\/1"}],"replies":[{"embeddable":true,"href":"https:\/\/www.residenz-kobbnuest.de\/index.php?rest_route=%2Fwp%2Fv2%2Fcomments&post=184"}],"version-history":[{"count":5,"href":"https:\/\/www.residenz-kobbnuest.de\/index.php?rest_route=\/wp\/v2\/pages\/184\/revisions"}],"predecessor-version":[{"id":275,"href":"https:\/\/www.residenz-kobbnuest.de\/index.php?rest_route=\/wp\/v2\/pages\/184\/revisions\/275"}],"wp:attachment":[{"href":"https:\/\/www.residenz-kobbnuest.de\/index.php?rest_route=%2Fwp%2Fv2%2Fmedia&parent=184"}],"wp:term":[{"taxonomy":"category","embeddable":true,"href":"https:\/\/www.residenz-kobbnuest.de\/index.php?rest_route=%2Fwp%2Fv2%2Fcategories&post=184"},{"taxonomy":"post_tag","embeddable":true,"href":"https:\/\/www.residenz-kobbnuest.de\/index.php?rest_route=%2Fwp%2Fv2%2Ftags&post=184"}],"curies":[{"name":"wp","href":"https:\/\/api.w.org\/{rel}","templated":true}]}}

<p>Ihre Eigentümerfamilie Schultz</p>
<p><a href="https://www.residenz-kobbnuest.de/wp-content/uploads/2015/03/famschu.jpg"><img loading="lazy" decoding="async" class="alignnone size-medium wp-image-172" src="https://www.residenz-kobbnuest.de/wp-content/uploads/2015/03/famschu-300x229.jpg" alt="famschu" width="300" height="229" srcset="https://www.residenz-kobbnuest.de/wp-content/uploads/2015/03/famschu-300x229.jpg 300w, https://www.residenz-kobbnuest.de/wp-content/uploads/2015/03/famschu.jpg 800w" sizes="auto, (max-width: 300px) 100vw, 300px" /></a></p>
<p>Wir freuen uns, Sie als unsere Gäste begrüßen zu dürfen!</p>
<p>&nbsp;</p>
<p>Kontakt:</p>
<p>Tel. +49 381 7007161</p>
<a href="mailto:rps@residenz-kobbnuest.de" class="button style1 blue_light small"> Email </a>
<p>&nbsp;</p>

<p>Ihre Eigentümerfamilie Schultz Wir freuen uns, Sie als unsere Gäste begrüßen zu dürfen! &nbsp; Kontakt: Tel. +49 381 7007161 &nbsp;</p>
